at is 112466 - 4?
112462
In base 9, what is -1 - 3737?
-3738
In base 11, what is 3a610 + 2?
3a612
In base 12, what is 916 - -a3?
9b9
In base 7, what is -4430104 + 5?
-4430066
In base 9, what is 14 + -1045?
-1031
In base 14, what is 3 - -36627?
3662a
In base 12, what is -9a64 + -61?
-9b05
In base 13, what is 259 - 198?
91
In base 3, what is -20 - 210122021?
-210122111
In base 2, what is -1110111100 - -1011?
-1110110001
In base 16, what is 2104 + -23?
20e1
In base 5, what is -11104412 + -10?
-11104422
In base 7, what is 1214 - -1443?
2660
In base 8, what is -64262 + -3?
-64265
In base 8, what is 7 - -531444?
531453
In base 4, what is -23313 - 2103?
-32022
In base 15, what is -e4eb9 + -2?
-e4ebb
In base 4, what is 313 + -13113?
-12200
In base 6, what is -10215323 + -1?
-10215324
In base 15, what is 750 - a?
745
In base 7, what is 21454 - -21?
21505
In base 7, what is -135445 + -22?
-135500
In base 10, what is 669941 - -3?
669944
In base 4, what is -111020 - 113230?
-230310
In base 12, what is 2 + -36b7?
-36b5
In base 6, what is 3 + 253304?
253311
In base 4, what is 1311320 + 32?
1312012
In base 2, what is 11000011111110100 - -11?
11000011111110111
In base 13, what is -5 - 8acb5?
-8acba
In base 9, what is 532 - -542?
1174
In base 10, what is -46276 - -21?
-46255
In base 12, what is -231384 - -4?
-231380
In base 7, what is 200 + -1551?
-1351
In base 5, what is -2344030012 - 3?
-2344030020
In base 6, what is 542 + 1440?
2422
In base 11, what is 2a7 + 1546?
1842
In base 8, what is 2243 - -51?
2314
In base 12, what is -29 + -72?
-9b
In base 12, what is -2 - 4b90?
-4b92
In base 5, what is -14 + -100420?
-100434
In base 13, what is 18a7 + 348?
1c22
In base 4, what is -3 - 10230101233?
-10230101302
In base 11, what is -645a4 + -19?
-64612
In base 2, what is 101100111 + -1011111111?
-110011000
In base 16, what is 3ceb - 3?
3ce8
In base 2, what is -100 - -11011101001101011?
11011101001100111
In base 10, what is 0 - -45166?
45166
In base 10, what is 9 - 6988?
-6979
In base 4, what is 13132302 - -23?
13132331
In base 10, what is 6 + 21865?
21871
In base 4, what is 10 - 20010232?
-20010222
In base 6, what is 31 + 33403?
33434
In base 10, what is 1 - -649875?
649876
In base 10, what is 349 - 115?
234
In base 9, what is 208 - -446?
655
In base 10, what is -2103 - -874?
-1229
In base 9, what is 2 - -624433?
624435
In base 6, what is -221251 + -401?
-222052
In base 9, what is -17534270 + 3?
-17534266
In base 10, what is 581 - -64?
645
In base 13, what is c1ac - -5?
c1b4
In base 12, what is 233 + -342?
-10b
In base 10, what is -44 - 0?
-44
In base 3, what is -12212 + 2101?
-10111
In base 6, what is 2 + 114400313?
114400315
In base 14, what is 4 + 1073d?
10743
In base 4, what is -200331310 - 3?
-200331313
In base 11, what is 27272 + 1?
27273
In base 10, what is -584140 + -10?
-584150
In base 10, what is 755 - -388?
1143
In base 9, what is 0 + -37605?
-37605
In base 15, what is 3 - 108?
-105
In base 3, what is -20100001002 - 110?
-20100001112
In base 16, what is -2 - 26620?
-26622
In base 14, what is -1 - 214d9?
-214da
In base 10, what is 4 - -582261?
582265
In base 5, what is -2132424 - -2?
-2132422
In base 14, what is -75 - 33?
-a8
In base 4, what is -23 - -202321?
202232
In base 13, what is -178 - -1271?
10c6
In base 7, what is 4 - -32336?
32343
In base 13, what is 70 + -3a82?
-3a12
In base 7, what is -1 + 10043032?
10043031
In base 5, what is 402 - 41342?
-40440
In base 5, what is 2 - -221213204?
221213211
In base 16, what is 3b + 12?
4d
In base 11, what is 62a + 13?
642
In base 7, what is -332462 - 23?
-332515
In base 4, what is 113220111331 - -3?
113220112000
In base 3, what is 2220 + -10002000210?
-10001220220
In base 13, what is -6 - 2a04a?
-2a053
In base 4, what is 3 + 321131101?
321131110
In base 12, what is 133b - 1205?
136
In base 11, what is -24275 - 18?
-24292
In base 7, what is -1 - 53323?
-53324
In base 11, what is 2a51 + 19a?
3140
In base 3, what is -12020001122 + -101?
-12020002000
In base 11, what is 78 + -18a?
-112
In base 13, what is -896 - -1ca?
-699
In base 10, what is 3455 + -22?
3433
In base 3, what is -12020120211 + 210?
-12020120001
In base 8, what is 236 + -3726?
-3470
In base 9, what is -133 - 1434?
-1567
In base 15, what is -b - 6ae4?
-6b00
In base 7, what is -4051 - 323?
-4404
In base 10, what is 37258 - -31?
37289
In base 9, what is 3745 + 11?
3756
In base 9, what is 6168 + 1240?
7418
In base 15, what is 432 - -212?
644
In base 11, what is 49 + -161a3?
-16155
In base 8, what is 436 - -1?
437
In base 7, what is -11 + -24000?
-24011
In base 6, what is 33 + 311230?
311303
In base 10, what is -1476 + 214?
-1262
In base 3, what is 2 + 201121101?
201121110
In base 12, what is 3 + 14082b?
140832
In base 10, what is 334068 - -4?
334072
In base 12, what is -463 - 7b3?
-1056
In base 11, what is -5 + 5788?
5783
In base 13, what is 30a8 + -39?
306c
In base 6, what is -430500 - 42?
-430542
In base 4, what is -113100 - -33?
-113001
In base 4, what is -213 - 120303?
-121122
In base 6, what is 40313 + 52?
40405
In base 16, what is 15a + 3a?
194
In base 9, what is 3 + 26150?
26153
In base 15, what is ed124 - 2?
ed122
In base 2, what is -11100101111100010 - -111?
-11100101111011011
In base 3, what is 0 + -20020100101?
-20020100101
In base 4, what is -1 - 11033302?
-11033303
In base 9, what is -2058 + 66?
-1882
In base 5, what is 2430 - 11322?
-3342
In base 13, what is 3267 + -4?
3263
In base 8, what is 2 + -27337?
-27335
In base 11, what is -6 - 1405a2?
-1405a8
In base 6, what is 21050 - 2240?
14410
In base 4, what is 110100121 - -10?
110100131
In base 7, what is 4 - -256342?
256346
In base 9, what is -2316 + -277?
-2604
In base 15, what is -3a1 - 421?
-7c2
In base 4, what is 123 - -311100?
311223
In base 14, what is 7787a + 5?
77881
In base 14, what is 31 - -6a5?
6d6
In base 8, what is -12 + 53100?
53066
In base 4, what is 20132023 - -2?
20132031
In base 4, what is -13110120 - -22?
-13110032
In base 5, what is 233 + -3242?
-3004
In base 10, what is 6 - 486162?
-486156
In base 6, what is -40332 + -333?
-41105
In base 7, what is -5 - 525151?
-525156
In base 7, what is -12210345 + 1?
-12210344
In base 13, what is 63 - a4?
-41
In base 9, what is -30 - 4327?
-4357
In base 3, what is 22200 - 20120?
2010
In base 13, what is 2825030 + 0?
2825030
In base 15, what is 11b6 + 6?
11bc
In base 13, what is -5 - 6372?
-6377
In base 8, what is -203147 + -5?
-203154
In base 15, what is 5168 + 1?
5169
In base 15, what is 13 + 2731?
2744
In base 8, what is -3144374 + -4?
-3144400
In base 9, what is 1022 + 67?
1100
In base 5, what is -4 + 1111413?
1111404
In base 3, what is -10011102 + -110111?
-10121220
In base 14, what is 33a + 18?
354
In base 2, what is -1110001010011 - 1?
-1110001010100
In base 11, what is -29 + -3395?
-3413
In base 16, what is 2 + 3ec4?
3ec6
In base 15, what is 3 + -15cd0?
-15ccc
In base 14, what is -4ad - -49c?
-11
In base 7, what is 166 + 5606?
6105
In base 6, what is 5 + -1513054?
-1513045
In base 12, what is -2 - 1b1b8b?
-1b1b91
In base 6, what is -1224513 - 1?
-1224514
In base 6, what is 254125525 + 4?
254125533
In base 10, what is -1 - 10010?
-10011
In base 12, what is -3 - -8702?
86bb
In base 4, what is 3 + 111330300?
111330303
In base 14, what is -53370 + 2?
-5336c
In base 4, what is 2 + 10220002?
10220010
In base 4, what is 112031203 + -1?
112031202
In base 15, what is 184 + 3cd?
562
In base 7, what is -355445 + -1?
-355446
In base 14, what is -12 - -d32?
d20
In base 15, what is 2 + ea33?
ea35
In base 13, what is -a23 - -7?
-a19
In base 7, what is 36301 + -260?
36011
In base 4, what is 23323310 - 2?
23323302
In base 16, what is -19bd1e + 2?
-19bd1c
In base 14, what is -15d0 - 22?
-1612
In base 14, what is 0 + 15b07?
15b07
In base 15, what is 4 + -783?
-77e
In base 16, what is -59 + -b69?
-bc2
In base 15, what is 3 + b845?
b848
In base 4, what is 332 + -20133230?
-20132232
In base 10, what is -4 + -25690?
-25694
In base 10, what is 713788 - 10?
713778
In base 5, what is -3121 + 323223?
320102
In base 6, what is 24111 - 13?
24054
In base 9, what is 4 + -1265732?
-1265727
In base 9, what is -22 - 234252?
-234274
In base 13, what is 107a8 - 12?
10796
In base 15, what is -705 + 8?
-6ec
In base 16, what is 50cd - 2?
50cb
In base 13, what is -